0141333
What is 124004 (base 8) in base 10?
43012
What is 3151b1 (base 13) in base 6?
40421214
Convert 74340 (base 14) to base 7.
2245610
What is -8edd4b (base 16) in base 15?
-c4e243
Convert 353b924 (base 12) to base 4.
213032321230
What is 62561 (base 8) in base 11?
18569
Convert -a50678 (base 12) to base 11.
-1511143
What is -2020221230 (base 4) in base 3?
-1001102210112
What is 649b5 (base 13) in base 7?
1355045
What is -1285041 (base 9) in base 11?
-442234
What is 4c3684 (base 16) in base 14?
94031a
Convert -1001111110101000001101 (base 2) to base 3.
-11220220020021
Convert -4863708 (base 9) to base 16.
-28499c
What is -3cda (base 16) in base 8?
-36332
Convert 1510b (base 13) to base 9.
60440
What is 1011414430 (base 5) in base 9?
3780562
Convert 177572 (base 15) to base 6.
40223155
Convert -2b26d (base 14) to base 13.
-39c18
Convert fa5948 (base 16) to base 3.
1010212112222100
Convert -125735 (base 9) to base 2.
-10010101001111111
Convert 12020110220 (base 3) to base 10.
103137
What is -1200030230 (base 4) in base 7?
-3230525
What is -1b7413 (base 13) in base 9?
-1278283
What is -dd469 (base 15) in base 5?
-134443444
Convert -306253 (base 7) to base 11.
-36592
6030491 (base 10) to base 14
b2d9b5
Convert -66145 (base 8) to base 5.
-1341444
Convert 1146242 (base 7) to base 6.
3045022
What is -29c7e3 (base 15) in base 14?
-3a6d15
Convert 3bcc4 (base 16) to base 7.
2040042
-100100001011100111 (base 2) to base 10
-148199
174a61 (base 11) to base 6
5442351
Convert 10100011100001 (base 2) to base 15.
317a
What is -11312101 (base 5) in base 2?
-11001011001011010
Convert 101000011001110101001 (base 2) to base 13.
3747cc
Convert 56839 (base 13) to base 12.
770b7
a368c9 (base 14) to base 3
101101000121221
What is -155540 (base 7) in base 11?
-21160
Convert 44133431 (base 6) to base 2.
101000001111110111011
Convert 30310341 (base 5) to base 13.
87376
Convert 456b97 (base 13) to base 7.
16652334
-1033130334 (base 6) to base 8
-52163522
What is -5411206 (base 7) in base 15?
-d00d1
201002303223 (base 4) to base 9
17262333
2750c (base 13) to base 11
5012a
-43092 (base 11) to base 15
-13873
What is -32233232001 (base 4) in base 8?
-16575601
100660042 (base 7) to base 13
12ab54a
What is -21b82 (base 13) in base 8?
-167544
Convert -10000111212000 (base 3) to base 7.
-16431420
-1313197 (base 11) to base 3
-11021111202111
What is 8c9b5 (base 13) in base 8?
765011
Convert -1100120111 (base 3) to base 15.
-7d77
-222211022122202 (base 3) to base 13
-2c522a2
What is -54a6a3 (base 11) in base 7?
-10314450
What is 46317 (base 8) in base 15?
5c5d
Convert 1a815 (base 15) to base 14.
235ab
Convert 1406 (base 15) to base 4.
1002321
What is 102214 (base 5) in base 14?
1374
-1011010001110011101 (base 2) to base 5
-43311230
218641 (base 11) to base 7
2650023
110210 (base 3) to base 9
423
What is 1626257 (base 9) in base 3?
1200220021221
What is 5a384 (base 11) in base 13?
30780
132321231 (base 4) to base 7
1035006
What is -3023201032 (base 4) in base 3?
-1120100111121
What is 33203302111 (base 4) in base 7?
46445242
-936 (base 12) to base 13
-7bc
What is -1217143 (base 8) in base 12?
-14216b
What is 502436 (base 9) in base 5?
34001220
110100011110010010100000 (base 2) to base 4
310132102200
Convert -10100001100101001110 (base 2) to base 7.
-5424362
4347362 (base 8) to base 6
41003110
-1350402103 (base 6) to base 9
-34121273
-551403 (base 8) to base 4
-231030003
Convert -253ad4 (base 14) to base 10.
-1278106
-2111421103 (base 5) to base 13
-bb2a3b
What is -10036015 (base 8) in base 14?
-3cdc29
100210102012 (base 3) to base 16
2f0f6
-153242202 (base 6) to base 3
-20002122010202
-2101848 (base 11) to base 10
-3706524
What is 1010110011110010100010 (base 2) in base 16?
2b3ca2
Convert 353376 (base 16) to base 4.
31103031312
-5733426 (base 10) to base 16
-577c32
839cd (base 15) to base 16
65e3f
-16a7a56 (base 11) to base 9
-5402006
Convert 24454620 (base 8) to base 7.
63605226
What is -7d699e (base 16) in base 10?
-8219038
Convert -26e7e (base 16) to base 13.
-576c4
Convert -1971666 (base 12) to base 16.
-51fd6e
-17741074 (base 8) to base 11
-23a43aa
Convert 554215 (base 8) to base 15.
3a3de
What is -138531 (base 9) in base 10?
-84997
What is 1297191 (base 11) in base 3?
11012112210200
What is -754258 (base 13) in base 6?
-134544211
Convert 222233133 (base 4) to base 7.
1326261
What is -1611503 (base 7) in base 15?
-45958
8577 (base 11) to base 14
41bb
3447122 (base 9) to base 10
1861967
What is -64b0b0 (base 12) in base 16?
-1856c4
1042a5 (base 12) to base 15
50d72
Convert -101010100000001010 (base 2) to base 10.
-174090
-4013035 (base 6) to base 7
-1413554
Convert -1102b40 (base 13) to base 2.
-10011110110100110110111
What is -101001101001100010 (base 2) in base 7?
-1310234
What is -126554 (base 9) in base 16?
-12cc7
Convert 10211066 (base 9) to base 5.
2224032132
Convert 17653 (base 15) to base 4.
102132132
6686230 (base 10) to base 12
22a541a
What is -60554 (base 8) in base 6?
-311244
Convert 11121200201 (base 3) to base 12.
44731
101121201000 (base 3) to base 14
56251
212314 (base 5) to base 9
10800
What is 62756433 (base 8) in base 11?
75a5969
Convert -2102010303 (base 4) to base 7.
-5041245
-1cb98 (base 16) to base 3
-12222101122
What is 1033e6 (base 15) in base 3?
1110010210000
What is -1343002003 (base 5) in base 12?
-1200698
667082 (base 10) to base 7
5445563
13479 (base 14) to base 16
b9b3
7095464 (base 10) to base 13
16157cc
65016 (base 13) to base 15
39080
What is -13a124 (base 11) in base 4?
-311110333
What is -4263325 (base 7) in base 9?
-872037
-3533a22 (base 11) to base 16
-5e2200
What is -4604 (base 7) in base 8?
-3206
What is 39874 (base 15) in base 3?
100100121201
Convert 100010011011110010011010 (base 2) to base 14.
12ad894
What is 10000202002221 (base 3) in base 6?
54252554
-15621213 (base 7) to base 16
-17293b
-16647 (base 14) to base 7
-322420
What is -43156774 (base 8) in base 13?
-1bb3059
Convert 235c8d (base 16) to base 2.
1000110101110010001101
3a0260 (base 12) to base 9
1713840
-5045 (base 8) to base 14
-d37
Convert 6b93 (base 14) to base 10.
18749
-141505133 (base 6) to base 13
-7a0817
13441 (base 6) to base 13
c67
What is -6340612 (base 10) in base 7?
-104615515
What is 6b4796 (base 15) in base 5?
2303101331
What is b9b21 (base 14) in base 4?
1231232301
What is -49553a (base 16) in base 8?
-22252472
-103321011310 (base 4) to base 15
-6d00da
Convert -1540732 (base 8) to base 15.
-8b32c
What is 1a5432 (base 12) in base 3?
212122110202
13130013 (base 6) to base 16
695d9
-42001132 (base 5) to base 11
-215432
174053 (base 8) to base 7
353136
What is -b6411 (base 12) in base 9?
-403824
What is -362106 (base 7) in base 4?
-100000200
2122321101 (base 4) to base 11
3a3742
Convert -1587371 (base 13) to base 16.
-69b57c
What is 22233542 (base 9) in base 2?
101001000101001101001111
Convert -867761 (base 9) to base 10.
-517483
What is -2012606 (base 9) in base 11?
-671a54
Convert -751642 (base 9) to base 7.
-3542243
What is -114955 (base 13) in base 8?
-1441171
What is 1444033400 (base 5) in base 3?
21022210011021
What is -1114814 (base 10) in base 9?
-2078212
21022121110 (base 3) to base 4
203022321
What is 2500162 (base 9) in base 2?
101001011100110111000
What is cc0915 (base 15) in base 12?
330a225
Convert -1002010022 (base 3) to base 13.
-9881
3313233221 (base 4) to base 14
1c5b4d
What is 1b3588 (base 12) in base 16?
75e78
Convert -10204152 (base 6) to base 4.
-1020113210
What is 2520525 (base 6) in base 8?
407505
1001001001110101100111 (base 2) to base 7
26252615
What is 1824787 (base 14) in base 3?
211102200010100
Convert 109a64d (base 14) to base 16.
789add
Convert -14665 (base 11) to base 9.
-31428
-302146 (base 7) to base 3
-2121012221
What is -95a294 (base 11) in base 5?
-343130234
45306644 (base 8) to base 6
550023324
Convert -22012202130 (base 4) to base 8.
-12064234
What is 313510152 (base 6) in base 15?
7394eb
Convert -2002202220210 (base 3) to base 4.
-10100310321
What is 4b72c (base 14) in base 2?
101101001110101100
Convert 265297 (base 12) to base 13.
19135c
12453431 (base 6) to base 14
aa031
3020230312 (base 5) to base 6
333040040
What is -11001111110111101111 (base 2) in base 7?
-10144221
-2330416 (base 8) to base 10
-635150
What is -1